tor of l and 33.
3
Suppose 18*x - 16*x = 0. Suppose 5 = -x*m + m. What is the greatest common factor of m and 25?
5
Let f(z) = 10*z**2 + z + 4. Let h be f(-2). What is the greatest common divisor of h and 378?
42
Let w = 19 + 9. Suppose -16 = -2*r + w. Calculate the highest common divisor of 55 and r.
11
Suppose -6 = 2*x - 3*x. What is the greatest common factor of x and 18?
6
Let x(d) = 15*d - 3. Let a(v) = -7*v + 2. Let j(i) = -5*a(i) - 2*x(i). Let o be j(5). Let p be -5*9/30*-2. Calculate the highest common factor of o and p.
3
Suppose -t + 2*n = -3 - 1, -4*t - n = -7. What is the highest common divisor of t and 8?
2
Suppose -z - 1 = -4*z - 4*q, 4*z - 33 = q. Suppose -2*t + 32 = -10. What is the highest common divisor of t and z?
7
Suppose 2*y - 8 = 18. Suppose 0 = -v + 48 + 17. Calculate the greatest common factor of v and y.
13
Let r be 88/14*3*14. What is the highest common divisor of r and 24?
24
Suppose m - 13 = -r, -m + 0*m = -2*r + 11. Let h = -4 + r. Suppose -2*a = 6*l - l - 158, h*a = -2*l + 60. Calculate the greatest common factor of 48 and l.
16
Suppose -3*n - 3*j + 201 = 0, 4*n - 145 = 4*j + 107. Suppose -4*t + n = -27. Calculate the greatest common divisor of t and 46.
23
Suppose -4*b - 2*f = -4*f - 636, b + 4*f - 168 = 0. Suppose s - 5*s - 440 = 0. Let i = b + s. Calculate the greatest common divisor of 20 and i.
10
Let o be 1/(1 + -2) + 101. Let m = o - 142. Let r be 4/((-3)/m*4). What is the greatest common divisor of 126 and r?
14
Suppose -14*d + 898 + 502 = 0. What is the greatest common factor of d and 80?
20
Suppose 0 = 4*z - 9*z + 70. What is the greatest common factor of 154 and z?
14
Let u = -52 + 103. Let k = 32 - 15. What is the highest common divisor of u and k?
17
Suppose 41 = 3*l - 4. Suppose -4*h + 73 = 13. Calculate the greatest common factor of h and l.
15
Let u = 98 + -32. What is the highest common factor of u and 6?
6
Let j = 47 - 14. Let c(h) = 6*h**2 + 2*h + 2. Let n be c(-2). What is the greatest common factor of n and j?
11
Suppose -3*o + 3*b + 526 = 2*b, 3*o - 524 = 2*b. What is the greatest common divisor of o and 16?
16
Let w(m) = 24*m**2 + m + 1. Let z be w(-2). What is the highest common divisor of z and 19?
19
Let u(p) = p**2 - 6*p - 5. Let b be u(-5). What is the highest common divisor of b and 125?
25
Suppose 18 = -4*o + 13*o. Calculate the greatest common factor of o and 2.
2
Let d = -271 + 406. What is the greatest common factor of d and 15?
15
Let w(v) = 4 + 4 + v**3 + 11*v**2 + 2 + 3. Let j be w(-11). Calculate the greatest common divisor of j and 78.
13
Let x be (-28)/21 - 4/6. Let r(f) = f**2 + f. Let k be r(x). Suppose 3*b - d - 141 = k*d, -2*b = -d - 92. What is the greatest common divisor of b and 5?
5
Suppose -3*x + v + 209 = 0, 0 = -2*x - 2*x + 2*v + 278. Suppose 20*m = 24*m - 56. Calculate the greatest common factor of x and m.
14
Let n = 29 + -4. Let m = -120 + 170. Calculate the greatest common divisor of m and n.
25
Let z = 7 + -6. Suppose 3*l - 19 = -0*i - 2*i, 4 = 2*i. Suppose 0 = l*k + 3 - 13. Calculate the greatest common divisor of z and k.
1
Let y(v) = -15*v + 2. Let n be y(-5). Let g(r) = -2*r**3 - 4*r**2 + r - 4. Let q be g(-3). Calculate the highest common divisor of q and n.
11
Let g(r) = 2*r + 4. Let h be g(-4). Let f(t) = 3*t**2 + 5*t + 5. Let n be f(h). Calculate the greatest common factor of 22 and n.
11
Suppose -l - 32 = -5*l + 4*n, 0 = n + 4. Suppose 0 = -3*t + 3*a + 18, -2*t + t + 15 = -l*a. What is the greatest common factor of 9 and t?
3
Let c = -10 - -27. Let u = c - 4. Calculate the highest common factor of u and 26.
13
Let z(c) = c**2 - 6*c - 4. Let o(f) = f**2 + 7*f + 7. Let p be o(-7). Let x be z(p). What is the greatest common divisor of 2 and x?
1
Suppose -5*o - z = -3*z - 61, 4*z = -4*o + 32. Let c be 1*((-9)/(-6))/(3/88). Calculate the greatest common factor of o and c.
11
Let s be -3 - (-11 + 2 + 1). What is the greatest common factor of 20 and s?
5
Suppose 0 = -2*g - 29 + 79. Calculate the greatest common factor of 10 and g.
5
Let d be (-864)/(-14) - (-6)/21. Suppose -4*i - 2 = g, -2*g - g + 5*i + d = 0. Let o = 6 - -36. Calculate the greatest common divisor of o and g.
14
Let i be 1266/66 - (-8)/(-44). What is the highest common divisor of i and 38?
19
Let g = 46 + 273. Calculate the highest common divisor of g and 29.
29
Suppose -4*l - t - 3*t = -52, 2*t + 19 = l. What is the highest common divisor of l and 5?
5
Let d = 2 + 1. Suppose s + d = 15. Calculate the highest common divisor of 120 and s.
12
Let n(j) = j**2 + 2*j + 9. Let l be (-1)/(1 - 48/45). Let c = l + -21. Let o be n(c). What is the highest common factor of o and 11?
11
Let b = -7 - -9. What is the greatest common factor of b and 4?
2
Let g(v) = v**3 + 6*v**2 - 6*v + 6. Suppose 0 = -x + 3 - 9. Let j be g(x). Calculate the greatest common factor of j and 14.
14
Suppose 3*v - 15 = 2*l, 2*l = 3*v - l - 15. What is the greatest common divisor of 5 and v?
5
Let n(k) = k**3 - k**2 - 5*k + 6. Let m be n(4). Let f be m - (0 + -1 + 0). What is the highest common divisor of f and 5?
5
Suppose -5*j + 158 = -387. Let c = -24 + j. Suppose 0*p + 5*p - c = 0. What is the highest common factor of 153 and p?
17
Let n be -9 + 0/(-3) + -3. Let v = n + 23. What is the highest common factor of 11 and v?
11
Suppose -4*w + 35 = 5*p, 7*p - 2*w - 21 = 4*p. Calculate the greatest common divisor of 21 and p.
7
Suppose 5*h - 7 = 8. Suppose -12 = -f - h*f. What is the greatest common factor of f and 12?
3
Suppose 8 = n - 16. Calculate the greatest common factor of n and 60.
12
Let h(o) = o**3 - 2*o**2 - 6*o + 5. Let b be h(5). What is the greatest common factor of b and 30?
10
Let r be 0*(-1)/(-8)*2. Let n(i) = 3 - 2*i + 2*i + i. Let q be n(r). Calculate the highest common divisor of q and 27.
3
Let k(z) = z**2 + 13*z + 13. Let x be k(-12). Calculate the highest common divisor of 1 and x.
1
Let v be (6 + -9)*8/6. Let c = v + 12. What is the highest common factor of 24 and c?
8
Let k be (3 - -12) + 2/((-2)/5). Let a be 60/(1 + 1/(-3)). Calculate the highest common divisor of k and a.
10
Suppose -r - 3*r = 12. Let w(p) be the first derivative of -p**3/3 - 7*p**2/2 + 1. Let v be w(r). Calculate the highest common factor of 12 and v.
12
Suppose 2*n - 5*n + j + 28 = 0, 0 = 2*n + 2*j - 24. What is the highest common factor of 50 and n?
10
Suppose -3*p - 5*b = -62, -5*b = 2*p + 2*p - 86. Calculate the greatest common factor of 16 and p.
8
Let k be (2/4)/((-2)/8). Let i be k/(-1)*154/4. Suppose 6*r = 4*r + 14. What is the highest common factor of r and i?
7
Suppose -7*n + 54 = -86. Calculate the greatest common divisor of n and 20.
20
Suppose 3*n + 189 - 556 = -2*h, 0 = -n + 5*h + 145. Calculate the greatest common factor of 25 and n.
25
Let d(y) = -y**3 - 4*y**2 - 3*y - 2. Suppose -p + 15 = -4*p. Let c be d(p). Let i = 17 + 40. What is the highest common factor of c and i?
19
Suppose -12 = 3*i, -2*z - 2*i + 5*i = -54. Suppose -65 = -4*t - z. What is the greatest common divisor of t and 33?
11
Let b(p) = -3*p - 1. Let r be b(-4). Suppose 2*t - s - 30 = -t, 0 = -2*t + 5*s + 7. What is the greatest common divisor of r and t?
11
Suppose 2*l = -m - 2*m - 70, 3*m + l + 68 = 0. Let t = m + 34. What is the highest common divisor of t and 30?
6
Let p be 202 - (0/3 - -4). Calculate the highest common divisor of p and 18.
18
Let k be 10/((-21)/(-6) - 3). Suppose 0 = -4*m - k, 5*j + 2*m - 75 = 6*m. Calculate the greatest common divisor of j and 1.
1
Suppose -r - 3*k + 9 = 0, 4*r - k - k - 92 = 0. Let g be (0 + r)*(-11 - -14). Calculate the highest common factor of g and 9.
9
Let a = 675 + -479. Calculate the greatest common divisor of a and 28.
28
Let h be 6/8 + 3/(-4). Let l = 34 + -15. Suppose h = -5*r - l + 624. What is the highest common factor of 11 and r?
11
Let d = -974 - -1693. Suppose 3*i - 699 = -2*y, -4*i + d = -4*y - 193. Calculate the greatest common factor of i and 21.
21
Let r(j) = 13*j - 11. Let p be r(11). Calculate the highest common divisor of 12 and p.
12
Let y = 7 - 64. Let o be (-4)/8 + y/(-2). What is the highest common factor of 70 and o?
14
Suppose 5*q = 4*q - 94. Let t = -67 - q. Calculate the highest common factor of t and 18.
9
Let k be (1 + 1)/((-5)/20). Let l be k*(-1 - (-3 - -3)). What is the great